{"id":293,"date":"2021-03-01T18:56:45","date_gmt":"2021-03-01T17:56:45","guid":{"rendered":"https:\/\/elserratsl.com\/quienes-somos\/"},"modified":"2021-03-15T11:34:14","modified_gmt":"2021-03-15T10:34:14","slug":"quienes-somos","status":"publish","type":"page","link":"https:\/\/elserratsl.com\/es\/quienes-somos\/","title":{"rendered":"Quienes somos"},"content":{"rendered":"\n<div class=\"wp-block-cover alignfull has-black-background-color\" style=\"min-height:700px;aspect-ratio:unset;\"><img loading=\"lazy\" decoding=\"async\" width=\"2048\" height=\"1536\" class=\"wp-block-cover__image-background wp-image-370\" alt=\"\" src=\"https:\/\/elserratsl.com\/wp-content\/uploads\/2021\/03\/IMG_6278.jpeg\" style=\"object-position:50% 59%\" data-object-fit=\"cover\" data-object-position=\"50% 59%\" srcset=\"https:\/\/elserratsl.com\/wp-content\/uploads\/2021\/03\/IMG_6278.jpeg 2048w, https:\/\/elserratsl.com\/wp-content\/uploads\/2021\/03\/IMG_6278-300x225.jpeg 300w, https:\/\/elserratsl.com\/wp-content\/uploads\/2021\/03\/IMG_6278-1024x768.jpeg 1024w, https:\/\/elserratsl.com\/wp-content\/uploads\/2021\/03\/IMG_6278-768x576.jpeg 768w, https:\/\/elserratsl.com\/wp-content\/uploads\/2021\/03\/IMG_6278-1536x1152.jpeg 1536w\" sizes=\"auto, (max-width: 2048px) 100vw, 2048px\" \/><div class=\"wp-block-cover__inner-container is-layout-flow wp-block-cover-is-layout-flow\">\n<p class=\"has-text-align-center has-large-font-size\"><\/p>\n<\/div><\/div>\n\n<section class=\"wp-block-uagb-section uagb-section__wrap uagb-section__background-undefined uagb-block-5ef19672\"><div class=\"uagb-section__overlay\"><\/div><div class=\"uagb-section__inner-wrap\">\n<section class=\"wp-block-uagb-section uagb-section__wrap uagb-section__background-undefined uagb-block-7c309c4b\"><div class=\"uagb-section__overlay\"><\/div><div class=\"uagb-section__inner-wrap\">\n<div class=\"wp-block-media-text alignwide is-stacked-on-mobile is-image-fill\"><figure class=\"wp-block-media-text__media\" style=\"background-image:url(https:\/\/elserratsl.com\/wp-content\/uploads\/2021\/02\/Residencia-El-Serrat-jardi-1024x768.jpeg);background-position:88% 51%\"><img loading=\"lazy\" decoding=\"async\" width=\"1024\" height=\"768\" src=\"https:\/\/elserratsl.com\/wp-content\/uploads\/2021\/02\/Residencia-El-Serrat-jardi-1024x768.jpeg\" alt=\"\" class=\"wp-image-63 size-full\" srcset=\"https:\/\/elserratsl.com\/wp-content\/uploads\/2021\/02\/Residencia-El-Serrat-jardi-1024x768.jpeg 1024w, https:\/\/elserratsl.com\/wp-content\/uploads\/2021\/02\/Residencia-El-Serrat-jardi-300x225.jpeg 300w, https:\/\/elserratsl.com\/wp-content\/uploads\/2021\/02\/Residencia-El-Serrat-jardi-768x576.jpeg 768w, https:\/\/elserratsl.com\/wp-content\/uploads\/2021\/02\/Residencia-El-Serrat-jardi-1536x1152.jpeg 1536w, https:\/\/elserratsl.com\/wp-content\/uploads\/2021\/02\/Residencia-El-Serrat-jardi.jpeg 2048w\" sizes=\"auto, (max-width: 1024px) 100vw, 1024px\" \/><\/figure><div class=\"wp-block-media-text__content\">\n<h2 class=\"wp-block-heading\" style=\"font-size:35px\">Mejorar la calidad de vida de nuestros mayores<\/h2>\n\n\n\n<p>La Resid\u00e8ncia El Serrat inici\u00f3 su actividad en 2002, con el objetivo fundamental de mejorar la calidad de vida de nuestros mayores. Blanca Buend\u00eda, psic\u00f3loga especializada en psicogeriatr\u00eda, dirige un <strong>equipo profesional joven, din\u00e1mico, y con mucha ilusi\u00f3n<\/strong> por cuidar de nuestros residentes, con un trato humano y cercano.<\/p>\n<\/div><\/div>\n<\/div><\/section>\n\n\n\n<p><\/p>\n<\/div><\/section>\n\n<div class=\"wp-block-cover alignfull has-background-dim\" style=\"background-color:#ffab00\"><div class=\"wp-block-cover__inner-container is-layout-flow wp-block-cover-is-layout-flow\">\n<section class=\"wp-block-uagb-section uagb-section__wrap uagb-section__background-undefined uagb-block-dd7252f4\"><div class=\"uagb-section__overlay\"><\/div><div class=\"uagb-section__inner-wrap\">\n<h2 class=\"has-text-align-center has-white-color has-text-color wp-block-heading\" style=\"font-size:35px\">Nuestra filosof\u00eda<\/h2>\n\n\n\n<p class=\"has-text-align-left has-white-color has-text-color\" style=\"font-size:18px\">La filosof\u00eda del centro va mucho m\u00e1s all\u00e1 de satisfacer las necesidades b\u00e1sicas de las personas mayores. Trabajamos cada d\u00eda para proporcionarles un entorno seguro y confortable, un trato personal, familiar e individualizado. Se trata escucharlas, comprenderlas, y potenciar su autoestima<\/p>\n<\/div><\/section>\n<\/div><\/div>\n\n<section class=\"wp-block-uagb-section uagb-section__wrap uagb-section__background-undefined uagb-block-9b37b471\"><div class=\"uagb-section__overlay\"><\/div><div class=\"uagb-section__inner-wrap\">\n<section class=\"wp-block-uagb-section uagb-section__wrap uagb-section__background-undefined uagb-block-5764fcbd\"><div class=\"uagb-section__overlay\"><\/div><div class=\"uagb-section__inner-wrap\">\n<div class=\"wp-block-columns is-layout-flex wp-container-core-columns-is-layout-28f84493 wp-block-columns-is-layout-flex\">\n<div class=\"wp-block-column is-layout-flow wp-block-column-is-layout-flow\">\n<figure class=\"wp-block-image alignwide size-large\"><img loading=\"lazy\" decoding=\"async\" width=\"1024\" height=\"768\" src=\"https:\/\/elserratsl.com\/wp-content\/uploads\/2021\/02\/Residencia-El-Serrat-habitacio-individual-01-1024x768.jpeg\" alt=\"Resid&#xE8;ncia El Serrat habitaci&#xF3;n individual\" class=\"wp-image-60\" srcset=\"https:\/\/elserratsl.com\/wp-content\/uploads\/2021\/02\/Residencia-El-Serrat-habitacio-individual-01-1024x768.jpeg 1024w, https:\/\/elserratsl.com\/wp-content\/uploads\/2021\/02\/Residencia-El-Serrat-habitacio-individual-01-300x225.jpeg 300w, https:\/\/elserratsl.com\/wp-content\/uploads\/2021\/02\/Residencia-El-Serrat-habitacio-individual-01-768x576.jpeg 768w, https:\/\/elserratsl.com\/wp-content\/uploads\/2021\/02\/Residencia-El-Serrat-habitacio-individual-01-1536x1152.jpeg 1536w, https:\/\/elserratsl.com\/wp-content\/uploads\/2021\/02\/Residencia-El-Serrat-habitacio-individual-01.jpeg 2048w\" sizes=\"auto, (max-width: 1024px) 100vw, 1024px\" \/><\/figure>\n\n\n\n<h2 class=\"wp-block-heading\">Pensada para ser un entorno c\u00e1lido y familiar<\/h2>\n\n\n\n<p>Las instalaciones est\u00e1n dise\u00f1adas para dar el m\u00e1ximo bienestar y seguridad a nuestros residentes. La Resid\u00e8ncia El Serrat est\u00e1 pensada para ser un entorno c\u00e1lido y familiar, con especial cuidado por los detalles. El edificio es totalmente accesible, y se distribuye en una planta baja con sal\u00f3n, comedor y gimnasio, y dos plantas con habitaciones dobles e individuales, todas ellas con balc\u00f3n o terraza y vistas a la monta\u00f1a. Algunos de los dormitorios disponen tambi\u00e9n de ba\u00f1o propio y televisor.<\/p>\n\n\n\n<p>El edificio est\u00e1 rodeado por mil metros cuadrados de jard\u00edn.<\/p>\n<\/div>\n\n\n\n<div class=\"wp-block-column is-layout-flow wp-block-column-is-layout-flow\">\n<div style=\"height:100px\" aria-hidden=\"true\" class=\"wp-block-spacer\"><\/div>\n\n\n\n<figure class=\"wp-block-image alignwide size-large\"><img loading=\"lazy\" decoding=\"async\" width=\"768\" height=\"1024\" src=\"https:\/\/elserratsl.com\/wp-content\/uploads\/2021\/03\/foto1-768x1024.jpg\" alt=\"\" class=\"wp-image-563\" srcset=\"https:\/\/elserratsl.com\/wp-content\/uploads\/2021\/03\/foto1-768x1024.jpg 768w, https:\/\/elserratsl.com\/wp-content\/uploads\/2021\/03\/foto1-225x300.jpg 225w, https:\/\/elserratsl.com\/wp-content\/uploads\/2021\/03\/foto1-1152x1536.jpg 1152w, https:\/\/elserratsl.com\/wp-content\/uploads\/2021\/03\/foto1-1536x2048.jpg 1536w, https:\/\/elserratsl.com\/wp-content\/uploads\/2021\/03\/foto1-scaled.jpg 1920w\" sizes=\"auto, (max-width: 768px) 100vw, 768px\" \/><\/figure>\n<\/div>\n<\/div>\n<\/div><\/section>\n<\/div><\/section>\n","protected":false},"excerpt":{"rendered":"","protected":false},"author":1,"featured_media":0,"parent":0,"menu_order":2,"comment_status":"closed","ping_status":"closed","template":"","meta":{"inline_featured_image":false,"_uag_custom_page_level_css":"","site-sidebar-layout":"default","site-content-layout":"default","ast-global-header-display":"","ast-main-header-display":"","ast-hfb-above-header-display":"","ast-hfb-below-header-display":"","ast-hfb-mobile-header-display":"","site-post-title":"disabled","ast-breadcrumbs-content":"","ast-featured-img":"","footer-sml-layout":"","theme-transparent-header-meta":"default","adv-header-id-meta":"","stick-header-meta":"","header-above-stick-meta":"","header-main-stick-meta":"","header-below-stick-meta":"","pgc_sgb_lightbox_settings":"","footnotes":""},"class_list":["post-293","page","type-page","status-publish","hentry"],"uagb_featured_image_src":{"full":false,"thumbnail":false,"medium":false,"medium_large":false,"large":false,"1536x1536":false,"2048x2048":false},"uagb_author_info":{"display_name":"empiezapori","author_link":"https:\/\/elserratsl.com\/es\/author\/empiezapori\/"},"uagb_comment_info":0,"uagb_excerpt":null,"_links":{"self":[{"href":"https:\/\/elserratsl.com\/es\/wp-json\/wp\/v2\/pages\/293","targetHints":{"allow":["GET"]}}],"collection":[{"href":"https:\/\/elserratsl.com\/es\/wp-json\/wp\/v2\/pages"}],"about":[{"href":"https:\/\/elserratsl.com\/es\/wp-json\/wp\/v2\/types\/page"}],"author":[{"embeddable":true,"href":"https:\/\/elserratsl.com\/es\/wp-json\/wp\/v2\/users\/1"}],"replies":[{"embeddable":true,"href":"https:\/\/elserratsl.com\/es\/wp-json\/wp\/v2\/comments?post=293"}],"version-history":[{"count":5,"href":"https:\/\/elserratsl.com\/es\/wp-json\/wp\/v2\/pages\/293\/revisions"}],"predecessor-version":[{"id":614,"href":"https:\/\/elserratsl.com\/es\/wp-json\/wp\/v2\/pages\/293\/revisions\/614"}],"wp:attachment":[{"href":"https:\/\/elserratsl.com\/es\/wp-json\/wp\/v2\/media?parent=293"}],"curies":[{"name":"wp","href":"https:\/\/api.w.org\/{rel}","templated":true}]}}

<div class="wp-block-cover alignfull has-black-background-color" style="min-height:700px;aspect-ratio:unset;"><img loading="lazy" decoding="async" width="2048" height="1536" class="wp-block-cover__image-background wp-image-370" alt="" src="https://elserratsl.com/wp-content/uploads/2021/03/IMG_6278.jpeg" style="object-position:50% 59%" data-object-fit="cover" data-object-position="50% 59%" srcset="https://elserratsl.com/wp-content/uploads/2021/03/IMG_6278.jpeg 2048w, https://elserratsl.com/wp-content/uploads/2021/03/IMG_6278-300x225.jpeg 300w, https://elserratsl.com/wp-content/uploads/2021/03/IMG_6278-1024x768.jpeg 1024w, https://elserratsl.com/wp-content/uploads/2021/03/IMG_6278-768x576.jpeg 768w, https://elserratsl.com/wp-content/uploads/2021/03/IMG_6278-1536x1152.jpeg 1536w" sizes="auto, (max-width: 2048px) 100vw, 2048px" /><div class="wp-block-cover__inner-container is-layout-flow wp-block-cover-is-layout-flow">
<p class="has-text-align-center has-large-font-size"></p>
</div></div>

<section class="wp-block-uagb-section uagb-section__wrap uagb-section__background-undefined uagb-block-5ef19672"><div class="uagb-section__overlay"></div><div class="uagb-section__inner-wrap">
<section class="wp-block-uagb-section uagb-section__wrap uagb-section__background-undefined uagb-block-7c309c4b"><div class="uagb-section__overlay"></div><div class="uagb-section__inner-wrap">
<div class="wp-block-media-text alignwide is-stacked-on-mobile is-image-fill"><figure class="wp-block-media-text__media" style="background-image:url(https://elserratsl.com/wp-content/uploads/2021/02/Residencia-El-Serrat-jardi-1024x768.jpeg);background-position:88% 51%"><img loading="lazy" decoding="async" width="1024" height="768" src="https://elserratsl.com/wp-content/uploads/2021/02/Residencia-El-Serrat-jardi-1024x768.jpeg" alt="" class="wp-image-63 size-full" srcset="https://elserratsl.com/wp-content/uploads/2021/02/Residencia-El-Serrat-jardi-1024x768.jpeg 1024w, https://elserratsl.com/wp-content/uploads/2021/02/Residencia-El-Serrat-jardi-300x225.jpeg 300w, https://elserratsl.com/wp-content/uploads/2021/02/Residencia-El-Serrat-jardi-768x576.jpeg 768w, https://elserratsl.com/wp-content/uploads/2021/02/Residencia-El-Serrat-jardi-1536x1152.jpeg 1536w, https://elserratsl.com/wp-content/uploads/2021/02/Residencia-El-Serrat-jardi.jpeg 2048w" sizes="auto, (max-width: 1024px) 100vw, 1024px" /></figure><div class="wp-block-media-text__content">
<h2 class="wp-block-heading" style="font-size:35px">Mejorar la calidad de vida de nuestros mayores</h2>



<p>La Residència El Serrat inició su actividad en 2002, con el objetivo fundamental de mejorar la calidad de vida de nuestros mayores. Blanca Buendía, psicóloga especializada en psicogeriatría, dirige un <strong>equipo profesional joven, dinámico, y con mucha ilusión</strong> por cuidar de nuestros residentes, con un trato humano y cercano.</p>
</div></div>
</div></section>



<p></p>
</div></section>

<div class="wp-block-cover alignfull has-background-dim" style="background-color:#ffab00"><div class="wp-block-cover__inner-container is-layout-flow wp-block-cover-is-layout-flow">
<section class="wp-block-uagb-section uagb-section__wrap uagb-section__background-undefined uagb-block-dd7252f4"><div class="uagb-section__overlay"></div><div class="uagb-section__inner-wrap">
<h2 class="has-text-align-center has-white-color has-text-color wp-block-heading" style="font-size:35px">Nuestra filosofía</h2>



<p class="has-text-align-left has-white-color has-text-color" style="font-size:18px">La filosofía del centro va mucho más allá de satisfacer las necesidades básicas de las personas mayores. Trabajamos cada día para proporcionarles un entorno seguro y confortable, un trato personal, familiar e individualizado. Se trata escucharlas, comprenderlas, y potenciar su autoestima</p>
</div></section>
</div></div>

<section class="wp-block-uagb-section uagb-section__wrap uagb-section__background-undefined uagb-block-9b37b471"><div class="uagb-section__overlay"></div><div class="uagb-section__inner-wrap">
<section class="wp-block-uagb-section uagb-section__wrap uagb-section__background-undefined uagb-block-5764fcbd"><div class="uagb-section__overlay"></div><div class="uagb-section__inner-wrap">
<div class="wp-block-columns is-layout-flex wp-container-core-columns-is-layout-28f84493 wp-block-columns-is-layout-flex">
<div class="wp-block-column is-layout-flow wp-block-column-is-layout-flow">
<figure class="wp-block-image alignwide size-large"><img loading="lazy" decoding="async" width="1024" height="768" src="https://elserratsl.com/wp-content/uploads/2021/02/Residencia-El-Serrat-habitacio-individual-01-1024x768.jpeg" alt="Resid&#xE8;ncia El Serrat habitaci&#xF3;n individual" class="wp-image-60" srcset="https://elserratsl.com/wp-content/uploads/2021/02/Residencia-El-Serrat-habitacio-individual-01-1024x768.jpeg 1024w, https://elserratsl.com/wp-content/uploads/2021/02/Residencia-El-Serrat-habitacio-individual-01-300x225.jpeg 300w, https://elserratsl.com/wp-content/uploads/2021/02/Residencia-El-Serrat-habitacio-individual-01-768x576.jpeg 768w, https://elserratsl.com/wp-content/uploads/2021/02/Residencia-El-Serrat-habitacio-individual-01-1536x1152.jpeg 1536w, https://elserratsl.com/wp-content/uploads/2021/02/Residencia-El-Serrat-habitacio-individual-01.jpeg 2048w" sizes="auto, (max-width: 1024px) 100vw, 1024px" /></figure>



<h2 class="wp-block-heading">Pensada para ser un entorno cálido y familiar</h2>



<p>Las instalaciones están diseñadas para dar el máximo bienestar y seguridad a nuestros residentes. La Residència El Serrat está pensada para ser un entorno cálido y familiar, con especial cuidado por los detalles. El edificio es totalmente accesible, y se distribuye en una planta baja con salón, comedor y gimnasio, y dos plantas con habitaciones dobles e individuales, todas ellas con balcón o terraza y vistas a la montaña. Algunos de los dormitorios disponen también de baño propio y televisor.</p>



<p>El edificio está rodeado por mil metros cuadrados de jardín.</p>
</div>



<div class="wp-block-column is-layout-flow wp-block-column-is-layout-flow">
<div style="height:100px" aria-hidden="true" class="wp-block-spacer"></div>



<figure class="wp-block-image alignwide size-large"><img loading="lazy" decoding="async" width="768" height="1024" src="https://elserratsl.com/wp-content/uploads/2021/03/foto1-768x1024.jpg" alt="" class="wp-image-563" srcset="https://elserratsl.com/wp-content/uploads/2021/03/foto1-768x1024.jpg 768w, https://elserratsl.com/wp-content/uploads/2021/03/foto1-225x300.jpg 225w, https://elserratsl.com/wp-content/uploads/2021/03/foto1-1152x1536.jpg 1152w, https://elserratsl.com/wp-content/uploads/2021/03/foto1-1536x2048.jpg 1536w, https://elserratsl.com/wp-content/uploads/2021/03/foto1-scaled.jpg 1920w" sizes="auto, (max-width: 768px) 100vw, 768px" /></figure>
</div>
</div>
</div></section>
</div></section>
